late the highest common divisor of 1791526 and 5302.
22
What is the highest common divisor of 15289625 and 55775?
2425
What is the highest common factor of 4552693 and 543?
181
Calculate the highest common factor of 19185 and 59160.
15
What is the highest common divisor of 3760244 and 636?
212
Calculate the highest common divisor of 1284821 and 15277921.
12721
Calculate the highest common factor of 218496 and 19207164.
6828
What is the greatest common divisor of 2576 and 1039024?
112
Calculate the highest common factor of 497500 and 2630000.
2500
What is the highest common divisor of 8603952 and 404376?
4872
Calculate the highest common factor of 6814 and 13484906.
6814
Calculate the highest common factor of 54 and 166257342.
18
What is the greatest common factor of 1006410 and 165?
15
What is the highest common divisor of 108288 and 12936960?
2304
What is the highest common divisor of 1450720 and 90720?
160
Calculate the greatest common factor of 94248 and 100562.
154
What is the greatest common divisor of 2463545 and 39235?
2065
What is the highest common factor of 148713 and 14213832?
7827
Calculate the greatest common divisor of 477796 and 748.
44
Calculate the greatest common factor of 13980 and 261990.
30
What is the greatest common divisor of 61552 and 43982751?
3847
What is the highest common factor of 138580 and 609055?
205
Calculate the greatest common divisor of 6292 and 318604.
572
Calculate the highest common factor of 20748 and 2307816.
1596
Calculate the highest common divisor of 2582556 and 1837794.
5358
What is the greatest common divisor of 3900 and 496236?
156
What is the highest common divisor of 27 and 24646581?
9
What is the greatest common divisor of 38208 and 2004?
12
Calculate the highest common divisor of 243 and 4057029.
9
Calculate the highest common divisor of 155 and 524365.
155
What is the highest common divisor of 975 and 17474275?
325
What is the greatest common factor of 1667025 and 1125?
225
Calculate the highest common factor of 3966 and 11874.
6
What is the highest common factor of 29000940 and 18?
6
What is the highest common divisor of 15408 and 2031074?
214
Calculate the highest common divisor of 368 and 2809008.
16
What is the highest common divisor of 3124 and 148324?
44
What is the greatest common factor of 45 and 5315622570?
45
Calculate the greatest common divisor of 57713582 and 398.
398
What is the highest common factor of 1600 and 16919680?
320
Calculate the greatest common factor of 259 and 43565391.
37
What is the highest common factor of 352476 and 252?
36
What is the greatest common divisor of 16 and 9507308?
4
Calculate the highest common factor of 7139 and 112829299.
649
What is the greatest common divisor of 6420070 and 1149228?
7094
Calculate the highest common divisor of 48298684 and 228.
76
Calculate the highest common factor of 34432792 and 104.
8
Calculate the highest common divisor of 2307880 and 120.
40
What is the highest common factor of 6 and 10966065?
3
Calculate the greatest common factor of 30 and 62505885.
15
Calculate the highest common factor of 178785 and 13725.
45
What is the greatest common factor of 1524 and 117197886?
762
What is the greatest common divisor of 162243943 and 1663?
1663
Calculate the greatest common divisor of 662606 and 463106.
266
What is the highest common divisor of 5119490 and 3942?
146
Calculate the greatest common factor of 1712 and 244067.
107
What is the highest common factor of 465617 and 10678?
281
What is the greatest common factor of 7112 and 1918?
14
Calculate the greatest common divisor of 348 and 4362905.
29
What is the highest common divisor of 1720 and 21853460?
860
Calculate the highest common divisor of 2716 and 22984829.
679
Calculate the greatest common factor of 4277637 and 32319.
189
What is the greatest common factor of 187 and 75698722?
187
What is the greatest common factor of 26137800 and 17160?
1560
Calculate the highest common factor of 164216 and 141648.
104
Calculate the greatest common divisor of 2152 and 45944.
8
What is the highest common divisor of 38950229 and 36752?
2297
What is the highest common divisor of 341 and 28910383?
31
Calculate the greatest common divisor of 133 and 139487683.
19
Calculate the highest common divisor of 8685183 and 1849.
43
Calculate the greatest common divisor of 2943 and 2022543.
27
Calculate the highest common factor of 282725254 and 14.
14
Calculate the highest common factor of 2905 and 1503705.
35
Calculate the highest common factor of 880770 and 204204.
1122
Calculate the highest common factor of 847 and 16788585.
11
What is the highest common factor of 19985 and 359121?
7
What is the greatest common divisor of 184086 and 206488?
974
Calculate the highest common divisor of 244930625 and 3125.
625
What is the greatest common divisor of 616 and 3931576?
88
Calculate the greatest common factor of 3933445 and 5555.
505
Calculate the greatest common factor of 20249498 and 106.
106
What is the greatest common divisor of 5356271 and 87?
29
Calculate the highest common factor of 846 and 6744594.
282
What is the greatest common divisor of 5810 and 121310?
70
What is the greatest common factor of 660 and 69749130?
330
Calculate the highest common factor of 84260673 and 708.
177
Calculate the highest common divisor of 1082368 and 55472.
16
What is the greatest common factor of 21 and 575649270?
21
What is the highest common factor of 140422 and 44042?
122
What is the greatest common factor of 196 and 5029906?
14
Calculate the highest common divisor of 7293 and 416837382.
663
What is the greatest common divisor of 4994 and 1231702?
454
Calculate the highest common divisor of 52889075 and 3105.
115
What is the greatest common factor of 10750 and 155746?
86
Calculate the highest common factor of 800 and 65050.
50
Calculate the greatest common divisor of 25959 and 6.
3
What is the greatest common divisor of 498 and 53868?
6
What is the greatest common divisor of 2266242 and 66?
66
What is the highest common factor of 14 and 2017411396?
14
Calculate the greatest common factor of 1184 and 20882208.
1184
Calculate the highest common factor of 734613 and 1408.
11
Calculate the highest common divisor of 1664 and 2334.
2
Calculate the greatest common divisor of 36875279 and 93385.
983
Calculate the highest common factor of 254202 and 4476.
6
What is the highest common divisor of 19201694 and 287?
41
What is the highest common divisor of 375295332 and 8088?
4044
Calculate the greatest common factor of 17575 and 54999205.
3515
What is the highest common factor of 8344 and 36450168?
1192
What is the greatest common divisor of 605940 and 240?
60
What is the highest common divisor of 29 and 409225?
1
Calculate the greatest common factor of 546913 and 49545696.
7703
What is the greatest common factor of 69913 and 41072?
151
Calculate the greatest common divisor of 125905 and 13411840.
845
What is the highest common divisor of 10167066 and 27027?
2457
What is the highest common divisor of 2411655 and 5160?
645
What is the highest common factor of 278115099 and 12?
3
Calculate the greatest common factor of 419184 and 2212218.
1278
What is the highest common factor of 596880 and 164880?
720
What is the greatest common factor of 3180 and 6158229?
159
What is the greatest common factor of 6996 and 237228?
636
What is the greatest common factor of 116 and 3199222?
58
Calculate the greatest common divisor of 205902 and 2108.
62
What is the greatest common factor of 14036472 and 200643?
4269
Calculate the greatest common divisor of 3377394 and 477.
9
What is the greatest common factor of 30 and 7811590?
10
What is the greatest common factor of 4199 and 489193?
19
Calculate the greatest common divisor of 12 and 11851722.
6
What is the greatest common factor of 240 and 1080490?
10
Calculate the greatest common factor of 16502 and 532060.
74
What is the highest common divisor of 3760 and 33703888?
752
What is the highest common factor of 18022799 and 335?
67
Calculate the greatest common divisor of 913 and 11178651.
11
Calculate the highest common factor of 15592525 and 325.
325
What is the greatest common divisor of 7840 and 256?
32
Calculate the greatest common divisor of 212839 and 137214.
121
What is the greatest